 the tens digit of k?
2
Let k = 3 + 188. What is the tens digit of k?
9
Suppose -2*h = -3*h. What is the units digit of (h + 5)*51/15?
7
Suppose -12 + 3 = o. Let c = -5 - o. What is the units digit of c?
4
Let k(h) = 14*h + 20. What is the hundreds digit of k(11)?
1
Let p = 49 - 33. What is the tens digit of p?
1
Let m = -18 + 12. What is the units digit of m/9 - 17/(-3)?
5
Let m(a) = -4*a + 24. Let c be m(12). Let s(z) = -19*z - 3. Let p be s(-2). Let r = p + c. What is the units digit of r?
1
Suppose 3 + 5 = -2*c + 2*m, 0 = -5*m + 25. Let o be (2/3)/((-2)/30). Let k = c - o. What is the tens digit of k?
1
Suppose 4*x = -2*b + 3*x + 68, 2*x = -3*b + 101. What is the tens digit of b?
3
Let n = -65 - -125. What is the units digit of n?
0
Let o(v) = -v + 4. Let u be o(-3). Let q = 31 - u. What is the tens digit of q?
2
Let t(p) = -2*p**3 - 3*p**2 + 1. Let d be (-20)/8*(-18)/(-15). What is the units digit of t(d)?
8
Let l(j) be the third derivative of -j**6/60 - j**5/30 - j**4/24 - 3*j**2. What is the units digit of l(-1)?
1
Suppose -4*j = 5*t - 507 - 458, -1010 = -5*t + 5*j. What is the hundreds digit of t?
1
Let x = 454 + -313. What is the hundreds digit of x?
1
Suppose n = 2 + 2. Let x(g) = -g**3 + 4*g**2 - 2. Let w be x(n). Let v(b) = 3*b**2 + 2*b. What is the units digit of v(w)?
8
Suppose -x = -211 + 23. What is the hundreds digit of x?
1
Let t(z) = -z**2 + 3*z + 7. Let p be t(6). Let x(j) = -j**2 - 12*j - 12. Let n be x(p). Let c(o) = -8*o - 1. What is the units digit of c(n)?
7
Let t(v) be the first derivative of -v**6/120 + 7*v**3/2 - 5*v**2/2 - 1. Let y(z) be the second derivative of t(z). What is the tens digit of y(0)?
2
Let h be (-2 - (-6)/4)*-92. Let k be h/8 - (-6)/24. Suppose 0 = -0*w - 3*w + k. What is the units digit of w?
2
What is the tens digit of 11 + -9 - 43/(-1)?
4
Let q be (-3 + 29)*2/4. Suppose g - 1 = q. Suppose -4*s = -5*f + 3 + 31, 3*f + 4*s = g. What is the units digit of f?
6
Suppose -8 = -2*z - 0, -2*q - 2*z = -20. Suppose -1 = -5*t - q, 4*i = 5*t + 37. What is the units digit of i?
8
Let l = 28 + -20. Suppose 0 = 2*c - 6*c - l. What is the units digit of 1*(c + 1)*-2?
2
Suppose -3*m = -m + 10. Let x(b) = -5*b**2 - 4*b + 6. Let g be x(m). What is the tens digit of (6/(-9))/(6/g)?
1
Let h(q) = 17*q - 3. Let i be h(3). Suppose 0 = -3*j + 24 + i. What is the units digit of j?
4
Suppose 2*t - 4*f = -32 - 10, 2*t + 37 = 3*f. Let z = t - -22. What is the units digit of z?
1
Let b(t) = -2*t - 4. Let a be b(-7). Suppose -a = z - 2*z. What is the units digit of z?
0
Let y(a) = a - 6. Let z be y(4). Let r = -2 - z. Suppose l = 5*l + 4*j - 80, r = 5*l + j - 92. What is the units digit of l?
8
Suppose -17*b = -18*b + 57. What is the tens digit of b?
5
Let b = -52 - -64. What is the units digit of b?
2
Let v = 2 + -1. Suppose -4*y - 6 = -3*w - 3, 0 = -4*y - 5*w + 37. Suppose -2*h = -y - v. What is the units digit of h?
2
Let f = -1 + 25. What is the tens digit of f?
2
Let u = -1 - -2. Let r = u + 4. Suppose -5*b = 2*t + 3*t - 45, -10 = -r*t. What is the units digit of b?
7
Let h(c) = 3*c**3 + c**2. Let s = 1 + 0. Let m be h(s). Suppose -m*q + 2 = -18. What is the units digit of q?
5
Let y = -140 + 315. What is the hundreds digit of y?
1
Let c(o) = -o**2 - 7*o - 4. What is the units digit of c(-5)?
6
Suppose 30 = 4*b + b. Let x = 11 - 11. Suppose m + x*m = b. What is the units digit of m?
6
Suppose -2*i + 167 = 5*g - 121, 0 = i + 4*g - 138. What is the tens digit of i?
5
Let v(n) = n**2 - 2*n + 4. Let r(g) = g**2 - 4*g + 3. Let a be r(4). Let j be v(a). Let o = 6 + j. What is the units digit of o?
3
Let w be 12/20 - (-34)/10. Let t(x) = -x**2 + 6*x - 5. What is the units digit of t(w)?
3
Suppose 7*x = 3*x + 12. Suppose -h + 11 = -x. What is the tens digit of h?
1
Let l(f) = 69*f**2 + 2*f - 2. What is the units digit of l(1)?
9
Let t(l) = -l + 5. What is the units digit of t(-10)?
5
Suppose 1616 = 13*o - 178. What is the tens digit of o?
3
Suppose 2*x + 46 = -2*m + 134, 3*m = -4*x + 134. What is the units digit of m?
2
Suppose 19 = 5*v - s, -v + 3 = -5*s + 4. Suppose 32 = 2*r + 2*q, -5*q = 5*r - v*r - 20. What is the units digit of r?
5
Suppose 23 = 4*z + h - 16, 28 = 3*z + h. Suppose 2*c - 3*q + z = 3*c, -5*c - 3*q = -7. What is the units digit of (3/(-6))/(c/24)?
2
Suppose 5*p + 19 - 78 = m, 32 = 4*p + 3*m. Let x = -7 + p. What is the units digit of x?
4
Suppose 2*t + 6 = r, -4*r - 6*t - 2 = -t. Let g be (-69)/(-4) + r/(-8). Suppose u + g = 4*k, 0*k - 8 = -k - u. What is the units digit of k?
5
Suppose 10 = 3*x - x, -m - 3*x = -42. What is the units digit of m?
7
Suppose -124 = -2*l + 40. What is the tens digit of 11/22 - l/(-4)?
2
Let c = 332 + -129. What is the units digit of c?
3
Let h be -3 + 2 + 0 - -3. Suppose -h*g + 0 = -2. What is the units digit of g?
1
Suppose 0 = -4*g - 3*m + 4*m - 2, -6 = 3*m. Let n(q) = 27*q**2 + q + 2. What is the tens digit of n(g)?
2
Let o = -203 + 390. What is the units digit of o?
7
What is the units digit of -1 - (-35)/(-10)*-2?
6
Suppose k - 6 = 20. Let w = k + -16. What is the units digit of w?
0
Let i(c) = -c - 7. Let n be i(-6). Suppose -7*f - 24 = -11*f. What is the units digit of n + f/(-3) + 10?
7
Suppose 0 = 3*a - 0*a - 216. Suppose 0 = j - 3*c + 7*c + 21, 4*j + 4*c + a = 0. Let g = -4 - j. What is the units digit of g?
3
Let b(v) = -v + 6. Let p be b(-9). Suppose -2*n + 4*n + 5*j + p = 0, -4*n = 3*j - 5. What is the units digit of n?
5
Let g = 6 - 2. Suppose 0 = -5*s + 3*s + 2*c, 3*s = 4*c - g. Suppose -5*n - 15 = 0, -s*j - 6*n + 3*n = -7. What is the units digit of j?
4
Let n = 111 + -58. What is the units digit of n?
3
Let r = -72 + 187. What is the tens digit of r?
1
Let o(j) = -j**2 + 7*j - 6. Suppose 0 = -i - 3*i + 16. What is the units digit of o(i)?
6
Let h(d) = d**3 + 6*d**2 + 5. Let b be h(-6). Suppose 0 = -6*k + 5*k + 2*t + 37, b*k - 153 = 2*t. What is the units digit of k?
9
Let q = -20 + 92. Suppose -q = -3*v + v. What is the units digit of v?
6
What is the units digit of (-33)/(-5) - (-3)/(-5)?
6
Suppose 3*h + 4*h - 728 = 0. What is the tens digit of h?
0
Let y = 74 - 28. What is the units digit of y?
6
Suppose -3*y = -3*f - 2*y + 11, 0 = -3*y + 12. What is the units digit of f?
5
Let g(l) = l + 10*l**2 + 2*l**2 - 15*l**2 + l**3. What is the units digit of g(3)?
3
Let x(u) = u**2 + 2*u - 3. Suppose 20 = -2*b + 8. What is the tens digit of x(b)?
2
Let z(n) = 4*n + 1. Let k be z(2). Let p = k - 4. Suppose 24 = p*l - l. What is the units digit of l?
6
What is the tens digit of 4/(-1) - -22 - 0?
1
Suppose -6*o - 19 = -7*o. What is the tens digit of o?
1
Let g = -4 + 16. What is the units digit of g?
2
Let p(o) = o - 8. Let d(z) = 1. Let f(u) = -2*d(u) - p(u). Let q be f(0). What is the units digit of (-68)/(-12) + (-4)/q?
5
Let u(g) = -g**2 - 9*g - 8. Let v be u(-7). Let o = v - 6. Suppose 2*c - 4 + 0 = o. What is the units digit of c?
2
Let x(w) = 2*w - 11. Suppose c + 2*c - 39 = 0. Let f be (-3 - -1 - 1) + c. What is the units digit of x(f)?
9
Let r(g) = -g + 2. Let n(d) = -d + 2. Let w(j) = 6*n(j) - 7*r(j). What is the units digit of w(6)?
4
Let i(m) = m - 6. Let g be i(5). What is the units digit of 19 + g + (2 - 0)?
0
Let p(i) = 2*i**2 - i - 3. What is the units digit of p(-4)?
3
Let y = 67 - 40. What is the units digit of y?
7
What is the tens digit of 2 + (-4650)/(-16) - 15/(-40)?
9
Let s(m) = -2*m + 12. What is the tens digit of s(-3)?
1
Suppose 124 = 3*w - w. What is the tens digit of w?
6
Let t(g) = -g**3 + 4*g**2 - 2*g. Let a be t(3). Suppose 4 + 2 = 2*z, -21 = -w + a*z. What is the tens digit of w?
3
Suppose 0*h - h = 0. Suppose h*p = -2*p + 4. Suppose 0 = -4*q + 14 - p. What is the units digit of q?
3
Suppose -16 = 4*u - 52. What is the units digit of u?
9
Let b = -105 + 159. What is the tens digit of b?
5
Suppose x + 8 = -3*u, x + 3*u = 4*x + 24. Let n = -6 - x. Suppose 4*f - 3*b - 1 = 0, n*f - 11 = 3*f - 3*b. What is the units digit of f?
4
Suppose 2*w - 34 = -z + 3*w, 0 = w. Let g = z - -1. What is the units digit of g?
5
Suppose 0 = 2*u + 2*o - 30, -3*o - 23 = 2*u - 3*u. Suppose 11 + u = k. What is the tens digit of k?
2
Let r(s) = s**3 - 7*s**2 + 3*s + 9. What is the tens digit of r(7)?
3
Let h = 9 + -5. Suppose -2*j + 35 = 5*p, -j - p + h = -6. What i